se
Is 22 a factor of 418?
True
Does 23 divide 2210?
False
Does 19 divide 45102?
False
Does 4 divide 14117?
False
Does 20 divide 980?
True
Does 58 divide 348?
True
Does 15 divide 1124?
False
Is 210 a multiple of 21?
True
Is 43 a factor of 8384?
False
Does 17 divide 10064?
True
Is 5319 a multiple of 9?
True
Is 19484 a multiple of 13?
False
Is 1447 a multiple of 80?
False
Is 29 a factor of 1624?
True
Is 67082 a multiple of 111?
False
Is 379 a multiple of 30?
False
Does 9 divide 1035?
True
Is 3 a factor of 327?
True
Does 54 divide 9882?
True
Is 2048 a multiple of 8?
True
Is 4 a factor of 408?
True
Does 25 divide 2425?
True
Does 19 divide 1992?
False
Does 50 divide 3376?
False
Is 99 a factor of 3923?
False
Is 8 a factor of 205?
False
Does 16 divide 21994?
False
Does 6 divide 99?
False
Does 14 divide 5623?
False
Is 35 a factor of 267?
False
Is 2040 a multiple of 85?
True
Is 16556 a multiple of 22?
False
Is 20 a factor of 4780?
True
Does 25 divide 5796?
False
Is 65 a multiple of 65?
True
Is 28 a factor of 1163?
False
Does 38 divide 29716?
True
Does 45 divide 57555?
True
Does 20 divide 16740?
True
Is 15730 a multiple of 11?
True
Is 7 a factor of 567?
True
Is 1807 a multiple of 32?
False
Is 558 a multiple of 18?
True
Is 6117 a multiple of 36?
False
Does 46 divide 40342?
True
Is 65 a factor of 845?
True
Is 50 a factor of 38150?
True
Does 4 divide 173?
False
Is 3838 a multiple of 101?
True
Is 11151 a multiple of 43?
False
Does 12 divide 2100?
True
Is 200 a factor of 168400?
True
Is 49 a factor of 657?
False
Is 32697 a multiple of 37?
False
Is 25 a factor of 900?
True
Is 8519 a multiple of 3?
False
Is 19594 a multiple of 202?
True
Does 12 divide 325?
False
Is 13 a factor of 37128?
True
Does 57 divide 1002?
False
Is 5 a factor of 16279?
False
Is 858 a multiple of 39?
True
Is 18146 a multiple of 9?
False
Is 3608 a multiple of 11?
True
Is 79 a factor of 206?
False
Is 12 a factor of 36764?
False
Is 17 a factor of 100?
False
Is 20800 a multiple of 13?
True
Does 29 divide 257?
False
Does 289 divide 12138?
True
Does 96 divide 3520?
False
Is 41 a factor of 11789?
False
Is 93 a multiple of 7?
False
Is 38 a factor of 4256?
True
Is 1235 a multiple of 134?
False
Does 63 divide 6111?
True
Is 32 a factor of 2365?
False
Is 3 a factor of 248?
False
Is 20 a factor of 1800?
True
Is 364 a multiple of 15?
False
Is 819 a multiple of 21?
True
Does 71 divide 9159?
True
Is 4655 a multiple of 3?
False
Is 128 a factor of 103920?
False
Is 126 a factor of 242?
False
Is 4 a factor of 32?
True
Does 99 divide 7326?
True
Is 65 a factor of 21060?
True
Is 1288 a multiple of 23?
True
Does 71 divide 46718?
True
Does 70 divide 910?
True
Is 6018 a multiple of 59?
True
Does 27 divide 4849?
False
Is 392 a multiple of 2?
True
Does 360 divide 17568?
False
Is 3292 a multiple of 38?
False
Is 10 a factor of 760?
True
Does 150 divide 13350?
True
Is 52 a factor of 73849?
False
Is 130 a factor of 1924?
False
Is 4 a factor of 4468?
True
Is 399 a multiple of 16?
False
Is 81 a factor of 6237?
True
Does 13 divide 22319?
False
Is 6 a factor of 14?
False
Is 717 a multiple of 5?
False
Is 15720 a multiple of 20?
True
Is 13 a factor of 420?
False
Is 263 a factor of 97092?
False
Is 641 a multiple of 29?
False
Is 493 a multiple of 17?
True
Is 32 a multiple of 4?
True
Does 85 divide 2805?
True
Does 31 divide 142?
False
Does 23 divide 736?
True
Is 10 a factor of 1148?
False
Does 9 divide 1593?
True
Is 11152 a multiple of 41?
True
Does 74 divide 518?
True
Is 14 a factor of 336?
True
Does 34 divide 2339?
False
Does 45 divide 11565?
True
Is 4 a factor of 2576?
True
Does 16 divide 2112?
True
Does 61 divide 2501?
True
Is 11 a factor of 15994?
True
Does 15 divide 1185?
True
Is 5820 a multiple of 97?
True
Is 4 a factor of 27602?
False
Is 3 a factor of 53?
False
Does 14 divide 112?
True
Does 11 divide 2560?
False
Is 233 a factor of 17009?
True
Is 7 a factor of 11172?
True
Is 281 a factor of 75308?
True
Does 18 divide 10226?
False
Is 756 a multiple of 42?
True
Is 7 a factor of 2245?
False
Is 68 a factor of 7773?
False
Is 15 a factor of 2379?
False
Does 7 divide 5494?
False
Is 89 a multiple of 5?
False
Is 45 a factor of 675?
True
Is 4 a factor of 463?
False
Is 2860 a multiple of 55?
True
Is 9 a factor of 2401?
False
Does 28 divide 476?
True
Is 10 a factor of 404?
False
Is 5 a factor of 7410?
True
Does 3 divide 28?
False
Does 25 divide 47?
False
Is 10546 a multiple of 28?
False
Is 116 a factor of 4946?
False
Is 10 a factor of 2674?
False
Is 21 a factor of 1048?
False
Is 11 a factor of 2420?
True
Is 36470 a multiple of 20?
False
Does 15 divide 231?
False
Does 5 divide 224?
False
Is 3282 a multiple of 6?
True
Is 2 a factor of 853?
False
Is 46824 a multiple of 33?
False
Is 12 a factor of 2834?
False
Does 19 divide 2035?
False
Does 5 divide 134?
False
Does 9 divide 9?
True
Does 6 divide 836?
False
Does 21 divide 231?
True
Does 18 divide 898?
False
Does 74 divide 1998?
True
Does 123 divide 13425?
False
Is 20864 a multiple of 84?
False
Is 12 a factor of 131?
False
Does 26 divide 61412?
True
Is 20 a factor of 7820?
True
Does 47 divide 423?
True
Is 23690 a multiple of 140?
False
Is 174 a multiple of 4?
False
Does 186 divide 30504?
True
Is 6192 a multiple of 104?
False
Is 19170 a multiple of 142?
True
Does 18 divide 306?
True
Is 2860 a multiple of 10?
True
Is 6663 a multiple of 51?
False
Is 6193 a multiple of 85?
False
Is 600 a multiple of 8?
True
Is 738 a multiple of 6?
True
Does 27 divide 243?
True
Does 19 divide 684?
True
Is 13 a factor of 16833?
False
Is 1533 a multiple of 7?
True
Does 73 divide 4683?
False
Does 81 divide 1856?
False
Does 54 divide 127?
False
Is 330 a multiple of 45?
False
Does 18 divide 4500?
True
Is 27 a factor of 5292?
True
Does 41 divide 943?
True
Does 6 divide 57746?
False
Is 4635 a multiple of 16?
False
Is 21 a factor of 2142?
True
Is 14 a factor of 21084?
True
Is 3601 a multiple of 86?
False
Does 21 divide 905?
False
Does 2 divide 52?
True
Is 31 a factor of 37069?
False
Does 13 divide 5851?
False
Does 27 divide 513?
True
Does 13 divide 8857?
False
Is 29216 a multiple of 16?
True
Does 57 divide 855?
True
Is 1171 a multiple of 9?
False
Is 865 a multiple of 97?
False
Is 924 a multiple of 21?
True
Is 3298 a multiple of 17?
True
Is 19 a factor of 15094?
False
Is 173 a multiple of 10?
False
Is 34127 a multiple of 17?
False
Does 27 divide 2592?
True
Is 45066 a multiple of 42?
True
Does 11 divide 139720?
False
Does 27 divide 1674?
True
Does 36 divide 518?
False
Is 900 a multiple of 50?
True
Does 248 divide 4960?
True
Does 153 divide 149022?
True
Is 24 a factor of 816?
True
Does 32 divide 768?
True
Is 186 a multiple of 6?
True
Is 36 a factor of 54288?
True
Is 235 a multiple of 33?
False
Is 15 a factor of 839?
False
Does 12 divide 22452?
True
Is 28 a factor of 560?
True
Is 19 a factor of 1045?
True
Is 59 a factor of 52115?
False
Does 8 divide 956?
False
Is 73 a factor of 1649?
False
Is 13 a factor of 679?
False
Does 66 divide 110142?
False
Does 7 divide 18655?
True
Is 33 a factor of 66?
True
Does 2 divide 146?
True
Does 16 divide 4304?
True
Is 2899 a multiple of 94?
False
Is 3935 a multiple of 92?
False
Is 6 a factor of 264?
True
Is 204 a factor of 24325?
False
Is 3100 a multiple of 100?
True
Is 25268 a multiple of 3?
False
Is 7 a factor of 4386?
False
Is 102 a factor of 5712?
True
Is 2074 even?
True
Is 450 even?
True
Is 15514 a multiple of 43?
False
Is 206 a multiple of 7?
False
Does 12 divide 17064?
True
Does 4 divide 3156?
True
Is 3374 even?
True
Is 1096 a multiple of 2?
True
Is 16 a factor of 2240?
True
Is 2222 a multiple of 11?
True
Is 11 a factor of 1342?
True
Does 170 divide 14097?
False
Does 19 divide 159?
False
Does 106 divide 14628?
True
Does 54 divide 4998?
False
Is 3304 a multiple of 202?
False
Does 16 divide 640?
True
Is 349 a multiple of 6?
False
Is 8 a factor of 20796?
False
Does 25 divide 4039?
False
Does 79 divide 8834?
False
Is 16 a factor of 1794?
False
Does 21 divide 6553?
False
Is 59596 a multiple of 47?
True
Is 3 a factor of 426?
True
Is 16 a factor of 4448?
True
Does 6 divide 414?
True
Is 12383 a multiple of 16?
False
Is 42580 a multiple of 4?
True
Does 302 divide 3926?
True
Is 3327 a multiple of 273?
False
Is 8541 a multiple of 34?
False
Is 106 a factor of 1438?
False
Is 104 a factor of 1